7 = 215*v - 118*v. Calculate the greatest common divisor of 63 and v.
9
Suppose 0 = 133*m - 121*m - 156. Let w be (-235)/(-35) - 4/(-14). Suppose -w*p = -5*p - 286. Calculate the greatest common factor of p and m.
13
Let v(z) = -417*z + 2113. Let h be v(5). Calculate the greatest common factor of 2212 and h.
28
Suppose -4*z + 387 = f, 84 = -5*z - 2*f + 570. Let h = 22 - 37. Let o be 10/h - 38/(-3). What is the highest common factor of o and z?
12
Suppose 0 + 24 = 6*z. Suppose l + 3*q + z = -2*q, 4*q = 3*l - 45. Suppose -v = -23 - 10. Calculate the greatest common divisor of v and l.
11
Let p(k) = k**2 + k. Suppose 6 = -3*o, 3*y + 2 + 14 = o. Let x be p(y). Let c be (16/3 - 3)/(11 - 2124/216). Calculate the highest common factor of c and x.
2
Suppose -20*m = -23*m + 15. Suppose m*x - 700 = -5*x. Let j be (((-64)/(-20))/4)/((-2)/(-35)). What is the greatest common divisor of j and x?
14
Let d = -136 - -206. Let y be (-14)/d - 1/((-5)/201). Calculate the greatest common divisor of y and 40.
40
Suppose 9 = -2*y + 7. Let p be (y/(2/65))/(-1)*-2. Let s be ((-143)/p)/(-1 + 6/5). Calculate the greatest common divisor of 33 and s.
11
Let f be (-1 - 2)*72/27. Let s be (-13)/((-4)/f*-1). Calculate the greatest common divisor of 117 and s.
13
Let u = 17544 + -17505. Calculate the highest common factor of 2457 and u.
39
Let d be 273/2*((-342)/(-84) + (-3)/42). Calculate the highest common divisor of 42 and d.
42
Suppose 4*i - 3*i = 2. Let x(v) = 3*v**2 + 270*v + 544. Let n be x(-2). Calculate the greatest common factor of i and n.
2
Suppose 1685 = 52*j - 1175. Suppose j*l - 69*l = -336. What is the greatest common divisor of l and 624?
24
Suppose -5 = -5*k, n - 1959 = -4*n + k. Suppose 0 = -178*b + 164*b + n. What is the highest common factor of b and 77?
7
Let c(u) = -2*u**2 - 38*u + 7. Let k be c(-21). Let l = -75 - k. Suppose 2*q - 3*q + 1 = 4*m, l*q - 10 = -4*m. What is the highest common factor of 99 and q?
9
Suppose -25 = 5*n, 5*o - 146*n + 144*n - 2410 = 0. Calculate the greatest common factor of 90 and o.
30
Suppose 22*j - 2*d - 92 = 18*j, 0 = 3*j - 4*d - 84. Suppose 0 = p + 6 - 46. Calculate the greatest common divisor of j and p.
20
Let d(n) = -12*n + 104. Let s(h) = 17*h - 156. Let l(y) = -7*d(y) - 5*s(y). Let v be l(10). What is the highest common factor of 189 and v?
21
Let q = 3062 + -2875. Calculate the highest common divisor of 242 and q.
11
Let f be ((-12711824)/(-240))/23 - (-2)/15. Calculate the greatest common divisor of 94 and f.
47
Suppose -4 - 17 = -3*n. Let z(m) = 75*m**2 + 5*m - 3. Suppose -9*a + 12*a - 3 = 0. Let q be z(a). Calculate the highest common factor of n and q.
7
Let w = -15247 - -29704. What is the highest common factor of 183 and w?
183
Suppose -6*k + 540 = -k. Let h(x) = 6*x**3 - 7*x + 2. Let l be h(2). Suppose i = -0 + l. Calculate the highest common divisor of i and k.
36
Let m(s) = -s**3 - s**2 + 49. Let y be m(0). Let j = 25 - -3. Calculate the highest common factor of j and y.
7
Suppose -21*c - 17*c + 41*c = 87. Calculate the greatest common divisor of c and 21141.
29
Let l(p) be the third derivative of -p**4/24 + 8*p**3 - 117*p**2. Let d be l(-18). Calculate the highest common divisor of 6 and d.
6
Let d be 29 + (1 + -2)*-2. Suppose 5*b = -20, 5*b + 16 = -p - p. Let h(o) = 7*o**2 + 3. Let a be h(p). Calculate the highest common factor of a and d.
31
Let x be ((-4200)/2)/(16/(-728)*7). What is the highest common factor of 65 and x?
65
Suppose -1157 = -3*q - 197. What is the greatest common factor of 200 and q?
40
Suppose 683*x - 680*x + p = 3836, -p = 4*x - 5114. Calculate the greatest common factor of 36 and x.
18
Let x be (7350/(-1715))/(2/(-28)). What is the greatest common divisor of 2328 and x?
12
Let h = -34653 + 42371. Calculate the highest common factor of 34 and h.
34
Let m(y) = -y**3 - 49*y**2 - 49*y. Let d be m(-48). What is the greatest common factor of d and 2?
2
Let v be 12/72 - (-4304)/96. What is the highest common divisor of 27 and v?
9
Let h = -156 - -27. Let b = h + 299. Calculate the highest common divisor of b and 68.
34
Let h(l) = 28906*l - 173432. Let x be h(6). Let f = 31 - 60. Let s = 41 + f. What is the highest common divisor of s and x?
4
Let v = 757 - 748. Calculate the greatest common factor of 69 and v.
3
Suppose 0 = -a - 2*h + 62, -2*a - 56*h + 59*h = -124. Suppose 2*v - a = -3*p, 3*p + 93 = 5*v + 127. What is the greatest common factor of 135 and p?
9
Let w(b) = -12*b + 1518. Let q be w(56). Suppose 4*x + f = 5*f + 16, -x + 8 = 3*f. Suppose -q = -x*p + 914. What is the greatest common divisor of 32 and p?
32
Let f be (672/49)/(2/14). Let t be (2 - 4)/((-4)/f). Let a = 1916 + -1892. What is the highest common factor of a and t?
24
Let u be -31 + 314 + 10/(1 - -1). Calculate the greatest common divisor of u and 36.
36
Suppose 6*b - 18 - 114 = 0. Suppose -w = 4, 103 + 54 = 5*l + 2*w. Calculate the greatest common divisor of l and b.
11
Suppose 4*q - q + 165 = 5*h, 4*q = -h + 56. Let j be (-14)/77 + (-11962)/22*-3. Suppose -21*g + j + 637 = 0. What is the greatest common divisor of g and h?
36
Let j = -12644 - -13376. What is the highest common divisor of 28 and j?
4
Let h be -3*((-252)/378 + 8/(-2 + 0)). Let o be 2 + 1800/(1 - -2). What is the greatest common factor of h and o?
14
Let c = 146 - 2. Let t = c + -102. What is the greatest common divisor of t and 224?
14
Suppose 75*m + 63241 = 249166. Calculate the highest common divisor of m and 268.
67
Suppose 24378 = 56*m - 16040 - 7518. Calculate the highest common divisor of m and 184.
8
Let i = 242 + -187. Let o be 2/((50/i)/10). What is the highest common factor of o and 10?
2
Let h = 427 + -286. Let f(k) = -k**3 + 31*k**2 + 1477*k + 387. Let d be f(-26). What is the highest common factor of h and d?
47
Let a(y) = 3*y**2 + 9*y - 369. Let d be a(12). What is the greatest common divisor of 549 and d?
9
Let o(c) = 4*c - 15. Suppose 14 = v + 8. Let k be o(v). Let z = 3430 + -3394. Calculate the highest common divisor of k and z.
9
Let p(b) = -1754*b**3 - 2*b**2 + 7*b + 10. Let d be p(-1). Calculate the greatest common divisor of 345 and d.
15
Let o = 50 + -27. Let h be (-15100)/(-60) + -14*22/(-231). What is the greatest common factor of h and o?
23
Let c be (-9 - -10)*(-1 + -1)*-10. What is the greatest common factor of 635 and c?
5
Suppose 0*t + 3 = -3*t. Suppose 8*k + 0*k = -2*k. Let g be t - k - -2*4. What is the highest common factor of g and 77?
7
Let z = 108 - 442. Let d = 478 + z. Let h(o) = -18*o**3 + o**2 + o. Let r be h(-1). Calculate the greatest common factor of r and d.
18
Let u = 167 - 92. Suppose o - 8*o = 322. Let g be (o + 8/(-2))*-2. Calculate the highest common divisor of u and g.
25
Let g(v) = -v**2 + 32*v - 4. Let j be g(26). Suppose 37 = 21*p - j. Let u(n) = n**2 + 14*n + 21. Let q be u(-15). What is the highest common divisor of q and p?
9
Let k be (-3 + 2)/(1/(-3)). Suppose -k*b + 23 + 52 = 0. Suppose z - w = -z + b, 5*z + 2*w = 76. What is the highest common factor of z and 98?
14
Suppose -3*d + 60 = 5*z, -3*z + 0*d + 37 = 2*d. Let o(c) = 19 - 10507*c + 10514*c + 14. Let q be o(z). What is the highest common factor of q and 72?
24
Let y be 6/(-42)*-14*-55*(-5)/2. Calculate the greatest common divisor of y and 935.
55
Let f = 2338 - 2314. Let r be 20/50 + (-146)/(-10). What is the greatest common factor of f and r?
3
Let b(k) = -5*k**2 + 13*k + 15. Let g(c) = -c**2 + c - 1. Let f(x) = -b(x) + 2*g(x). Let t be f(8). What is the greatest common factor of 87 and t?
87
Suppose 37*q + 708 = 2151. What is the highest common divisor of q and 20319?
39
Let n = 292 + -199. Suppose -21*k - 80849 = -83453. What is the highest common factor of k and n?
31
Let p = 9623 + -9610. What is the highest common divisor of p and 8177?
13
Suppose 18 + 0 = 9*d. Suppose -5*o = -5*s + 27 - 12, 0 = -d*s - 3*o + 31. What is the greatest common divisor of s and 152?
8
Suppose -15*r + 89*r - 32264 = 0. Calculate the highest common divisor of r and 327.
109
Let d be -1 - (-22)/6 - 10/15. Suppose d*w + 2*w = f, 0 = 4*f - w. Suppose f = h - 46 + 1. What is the greatest common divisor of 5 and h?
5
Let v = -13102 - -13202. What is the greatest common factor of v and 384?
4
Suppose -3*m + 4 = -3*b + 2*b, -8 = -2*m. Let j be ((-6)/(-2))/(-3